{"id":9743,"date":"2023-02-06T21:09:53","date_gmt":"2023-02-06T20:09:53","guid":{"rendered":"http:\/\/www.bartenbeach.de\/?page_id=9743"},"modified":"2025-03-12T17:18:57","modified_gmt":"2025-03-12T16:18:57","slug":"volleyball-test","status":"publish","type":"page","link":"https:\/\/www.bartenbeach.de\/?page_id=9743","title":{"rendered":"DA 1 Landesliga Saison 2024\/2025"},"content":{"rendered":"\n<p><\/p>\n\n\n\n<p>BERICHTE SAISON 2024\/2025 >>> siehe unter Volleyball aktuell<\/p>\n\n\n\n<p><strong>09.03.2025 Aufstieg in die Verbandsliga <\/strong>   <\/p>\n\n\n\n<p><strong>12.03.2025 Wir suchen Spielerinnen f\u00fcr die kommende Verbandsligasaison ! <\/strong><\/p>\n\n\n\n<figure class=\"wp-block-image size-large\"><a href=\"https:\/\/www.bartenbeach.de\/wp-content\/uploads\/2025\/03\/image.png\"><img loading=\"lazy\" decoding=\"async\" width=\"1024\" height=\"768\" src=\"https:\/\/www.bartenbeach.de\/wp-content\/uploads\/2025\/03\/image-1024x768.png\" alt=\"\" class=\"wp-image-11485\" srcset=\"https:\/\/www.bartenbeach.de\/wp-content\/uploads\/2025\/03\/image-1024x768.png 1024w, https:\/\/www.bartenbeach.de\/wp-content\/uploads\/2025\/03\/image-300x225.png 300w, https:\/\/www.bartenbeach.de\/wp-content\/uploads\/2025\/03\/image-768x576.png 768w, https:\/\/www.bartenbeach.de\/wp-content\/uploads\/2025\/03\/image-1536x1152.png 1536w, https:\/\/www.bartenbeach.de\/wp-content\/uploads\/2025\/03\/image.png 2040w\" sizes=\"auto, (max-width: 1024px) 100vw, 1024px\" \/><\/a><\/figure>\n\n\n\n<p><\/p>\n\n\n\n<figure class=\"wp-block-image size-large\"><a href=\"https:\/\/www.bartenbeach.de\/wp-content\/uploads\/2025\/03\/483098669_1160168062147219_1150229791087581191_n.jpg\"><img loading=\"lazy\" decoding=\"async\" width=\"1024\" height=\"768\" src=\"https:\/\/www.bartenbeach.de\/wp-content\/uploads\/2025\/03\/483098669_1160168062147219_1150229791087581191_n-1024x768.jpg\" alt=\"\" class=\"wp-image-11467\" srcset=\"https:\/\/www.bartenbeach.de\/wp-content\/uploads\/2025\/03\/483098669_1160168062147219_1150229791087581191_n-1024x768.jpg 1024w, https:\/\/www.bartenbeach.de\/wp-content\/uploads\/2025\/03\/483098669_1160168062147219_1150229791087581191_n-300x225.jpg 300w, https:\/\/www.bartenbeach.de\/wp-content\/uploads\/2025\/03\/483098669_1160168062147219_1150229791087581191_n-768x576.jpg 768w, https:\/\/www.bartenbeach.de\/wp-content\/uploads\/2025\/03\/483098669_1160168062147219_1150229791087581191_n-1536x1152.jpg 1536w, https:\/\/www.bartenbeach.de\/wp-content\/uploads\/2025\/03\/483098669_1160168062147219_1150229791087581191_n.jpg 2048w\" sizes=\"auto, (max-width: 1024px) 100vw, 1024px\" \/><\/a><\/figure>\n\n\n\n<figure class=\"wp-block-image size-large\"><a href=\"https:\/\/www.bartenbeach.de\/wp-content\/uploads\/2025\/03\/Volleyballmeister.jpg\"><img loading=\"lazy\" decoding=\"async\" width=\"768\" height=\"1024\" src=\"https:\/\/www.bartenbeach.de\/wp-content\/uploads\/2025\/03\/Volleyballmeister-768x1024.jpg\" alt=\"\" class=\"wp-image-11468\" srcset=\"https:\/\/www.bartenbeach.de\/wp-content\/uploads\/2025\/03\/Volleyballmeister-768x1024.jpg 768w, https:\/\/www.bartenbeach.de\/wp-content\/uploads\/2025\/03\/Volleyballmeister-225x300.jpg 225w, https:\/\/www.bartenbeach.de\/wp-content\/uploads\/2025\/03\/Volleyballmeister-1152x1536.jpg 1152w, https:\/\/www.bartenbeach.de\/wp-content\/uploads\/2025\/03\/Volleyballmeister.jpg 1536w\" sizes=\"auto, (max-width: 768px) 100vw, 768px\" \/><\/a><\/figure>\n\n\n\n<figure class=\"wp-block-image size-large\"><a href=\"https:\/\/www.bartenbeach.de\/wp-content\/uploads\/2025\/03\/482349635_1160168165480542_2237587034584604877_n.jpg\"><img loading=\"lazy\" decoding=\"async\" width=\"768\" height=\"1024\" src=\"https:\/\/www.bartenbeach.de\/wp-content\/uploads\/2025\/03\/482349635_1160168165480542_2237587034584604877_n-768x1024.jpg\" alt=\"\" class=\"wp-image-11466\" srcset=\"https:\/\/www.bartenbeach.de\/wp-content\/uploads\/2025\/03\/482349635_1160168165480542_2237587034584604877_n-768x1024.jpg 768w, https:\/\/www.bartenbeach.de\/wp-content\/uploads\/2025\/03\/482349635_1160168165480542_2237587034584604877_n-225x300.jpg 225w, https:\/\/www.bartenbeach.de\/wp-content\/uploads\/2025\/03\/482349635_1160168165480542_2237587034584604877_n-1152x1536.jpg 1152w, https:\/\/www.bartenbeach.de\/wp-content\/uploads\/2025\/03\/482349635_1160168165480542_2237587034584604877_n.jpg 1536w\" sizes=\"auto, (max-width: 768px) 100vw, 768px\" \/><\/a><\/figure>\n\n\n\n<h2 class=\"wp-block-heading\">Damen 1 Bezirksliga <\/h2>\n\n\n\n<p>Saison 2022\/2023<\/p>\n\n\n\n<figure class=\"wp-block-image size-large\"><a href=\"https:\/\/www.bartenbeach.de\/wp-content\/uploads\/2023\/02\/E7BCA7F3-595A-4465-B30A-45EEA2B330DA.jpeg\"><img loading=\"lazy\" decoding=\"async\" width=\"768\" height=\"1024\" src=\"https:\/\/www.bartenbeach.de\/wp-content\/uploads\/2023\/02\/E7BCA7F3-595A-4465-B30A-45EEA2B330DA-768x1024.jpeg\" alt=\"\" class=\"wp-image-9934\" srcset=\"https:\/\/www.bartenbeach.de\/wp-content\/uploads\/2023\/02\/E7BCA7F3-595A-4465-B30A-45EEA2B330DA-768x1024.jpeg 768w, https:\/\/www.bartenbeach.de\/wp-content\/uploads\/2023\/02\/E7BCA7F3-595A-4465-B30A-45EEA2B330DA-225x300.jpeg 225w, https:\/\/www.bartenbeach.de\/wp-content\/uploads\/2023\/02\/E7BCA7F3-595A-4465-B30A-45EEA2B330DA-1152x1536.jpeg 1152w, https:\/\/www.bartenbeach.de\/wp-content\/uploads\/2023\/02\/E7BCA7F3-595A-4465-B30A-45EEA2B330DA.jpeg 1536w\" sizes=\"auto, (max-width: 768px) 100vw, 768px\" \/><\/a><\/figure>\n\n\n\n<p><\/p>\n\n\n\n<p>Training: Montag 20:00 &#8211; 21:45 Uhr<\/p>\n\n\n\n<p>                     Mittwoch 19:00 &#8211; 20:30 Uhr <\/p>\n\n\n\n<p>Kontakt: Alexandra Bachofer 0176 &#8211; 23333419<\/p>\n\n\n\n<p>mail: alexandra.metzger1@googlemail.com        <\/p>\n\n\n\n<p>Trainer: Martin Kreher  0160 &#8211; 96241895 <\/p>\n\n\n\n<p>mail: martin.kreher@t-online.de <\/p>\n\n\n\n<p><strong>04.03.23  Damen 1 mit 5. Sieg in Folge! <\/strong><\/p>\n\n\n\n<p><strong>TSV Bartenbach &#8211; SV Esslingen 2   3-1 (25-27\/25-22\/25-19\/26-24)<\/strong><\/p>\n\n\n\n<p><strong>TSV Bartenbach  &#8211; DJK Schw. Gm\u00fcnd 2   3-1. (25-15\/20-25\/25-23\/25-11)<\/strong><\/p>\n\n\n\n<p>Gegen die ambitionierte Mannschaft von Esslingen, die noch Hoffnungen auf Aufstiegsspiele hatten, setzten sich die TSV Damen am 4.M\u00e4rz 2023 verdient mit 3-1 S\u00e4tzen durch. Au\u00dfer Spielf\u00fchrerin Alex Bachofer, die Nachwuchs erwartet, musste der TSV Verletzungsbedingt noch auf Jasmin Kolbus verzichten. Die TSV M\u00e4dels starteten sehr gut ins das Spiel mit einem guten Spielaufbau. Beim Stand von 23-19 war man dem Satzgewinn nah , doch dann schlichen sich Unkonzentriertheiten ein in der Annahme und die G\u00e4ste sicherten sich den Satz mit 27-25. Im 2. Satz lag der TSV zun\u00e4chst 6-10 zur\u00fcck. Dann stabilisierte sich das Team wieder und drehte den Satz noch mit 25-22. Der Annahmeriegel mit Sophia B\u00f6hm, Ramona Metzger und Claire Stotz stand sicher und im Angriff setzten sich Julia Kurz und Sammy Dressler immer wieder durch . Mit 25-19 wurde der 3. Satz gewonnen. Im vierten Satz startete Esslingen gut mit druckvollen Aufschlag- und Angriffsspiel. Die Bartenbacher M\u00e4dels k\u00e4mpften gut, aber hatte beim Stand von 21-24 drei Satzb\u00e4lle gegen sich. Der erste wurde mit eigenem Angriff abgewehrt zum 22-24. Dann kam der gro\u00dfe Auftritt von Angie Asam, die beim Stand von 22-24 zum Aufschlag eingewechselt wurde. Mit ihren guten Aufschl\u00e4gen drehte sie das Spiel am Satzende zum 26-24 Satzgewinn und wurde zum Matchwinner .&nbsp;<\/p>\n\n\n\n<p><br>Im zweiten Spiel traf der TSV Bartenbach auf die DJK Schw\u00e4bisch Gm\u00fcnd 2. Der TSV startete auf drei Positionen mit ver\u00e4nderter Aufstellung zum ersten Spiel. Christine \u00dcbele machte gute Aufschl\u00e4ge und setzte den Annahmeriegel von DJK Gm\u00fcnd unter Druck. Souver\u00e4n wurde der erste Satz mit 25-15 gewonnen mit einen guten Spielaufbau. Im&nbsp;Zweiten Satz steigerte sich die Gm\u00fcnder Mannschaft. Gleichzeitig machte der TSV leichte Eigenfehler. So konnten die G\u00e4ste verdient den zweiten Satz mit 25-20 gewinnen. Im dritten Satz brachte Zuspielerin Nela Haber mehr Sicherheit rein und rettete einige B\u00e4lle. Mit 25-23 wurde der Satz knapp gewonnen. Der vierte Satz wurde dann deutlich mit 25-11 gewonnen durch ein gutes Aufschlagspiel.&nbsp;<br>Damit wurde das f\u00fcnfte Spiel in Folge gewonnen und befindet sich der TSV auf dem vierten Platz.&nbsp;<br>&nbsp;<strong>TSV Bartenbach:<\/strong>&nbsp;Angela Asam, Vera Aubele, Sophia B\u00f6hm, Sammy Dressler, Nela Haber, Julia Kurz, Ramona Metzger, Lea Siehler, Claire Stotz und Christine \u00dcbele.&nbsp;<br>Trainer Mart\u00edn Kreher&nbsp;<\/p>\n\n\n\n<h3 class=\"wp-block-heading\">18.02.23  <strong>Damen 1 beeindruckt mit 2<\/strong> Heimsiegen<\/h3>\n\n\n\n<h3 class=\"wp-block-heading\"><strong>TSV Bartenbach \u2013 SG Mads Ostalb Aalen<\/strong> 1                 <strong> 3-0 (25-19\/25-18\/25-15)<\/strong><br><strong>TSV Bartenbach \u2013 Volleyball Akademie  Stuttgart &nbsp;3-1 (25-16\/22-25\/25-15\/25-18)<\/strong><\/h3>\n\n\n\n<p><br>Ihre beste Saisonleistung zeigte die 1. Damenmannschaft beim Heimspieltag am Sonntag, 19.Februar 2023 gegen den bisherigen Tabellenf\u00fchrer SG Mads Ostalb Aalen 1 und gegen die Volleyball Akademie Stuttgart 4. Bis auf Spielf\u00fchrerin Alexandra Bachofer, die Nachwuchs erwartet, stand der komplette Kader zur Verf\u00fcgung. Die TSV&nbsp;M\u00e4dels zeigten eine starke geschlossene Mannschaftsleistung und es machte sich das verst\u00e4rkte trainierte Aufschlag- Annahmetraining bezahlt. Vor allem mit den starken Aufschl\u00e4gen von Sammy Dresler, Ramona Metzger und Nela Haber kam der Aalener Annahmeriegel nicht zurecht und hatten damit gro\u00dfe Probleme im Spielaufbau. Die G\u00e4ste fanden zu keinem Zeitpunkt zu ihrem variablen und starken Angriffsspiel. Der TSV Bartenbach Annahmeriegel um Ramona Metzger, Jasmin Kolbus, Claire Stotz und Sammy Dressler agierte hingegen sehr stabil, sodass Zuspielerin Nela Haber immer wieder geschickt ihre Angreiferinnen einsetzen konnte. Vor allem Jasmin Kolbus brachte viel Sicherheit in die Annahme rein. So konnten \u00fcber die Mitte Julia Kurz und Claire Stotz viele Angriffspunkte machen und zeigten auch ein gutes Blockspiel. Ramona Metzger war \u00fcber au\u00dfen kaum zu stoppen und zeigte ihre beste Saisonleistung. Das Team spielte wie aus einem Guss und k\u00e4mpften um jeden Ball. Die eingewechselten Christine \u00dcbele und Lea Siehler f\u00fcgten sich nahtlos ein und zeigten ihre Klasse. Der Tabellenf\u00fchrer aus Aalen hatte wahrlich nicht seinen Tag erwischt, dass sich auch an dem deutlichen Ergebnis von 25-19\/25-18\/25-15 wiederspiegelt. Nur hin und wieder lie\u00dfen die G\u00e4ste ihr K\u00f6nnen aufblitzen, dass sie zu den besten Teams der Liga geh\u00f6ren.&nbsp;<br>Im zweiten Spiel warteten die hochbegabten jungen M\u00e4dels von der Talentschmiede der Volleyball Akademie Stuttgart. Auch die Kaderspielerinnen hatten Probleme mit dem starken Aufschlagspiel des TSV Bartenbach und&nbsp;zudem mit der ungewohnten niedrigeren Halle. Wieder erzielten Sammy Dressler und Ramona Metzger viele Punkte oder bereiteten sie vor mit ihren starken Flatteraufschl\u00e4gen. Nela Haber in ihrer neuen Rolle als Zuspielerin erreichte fast jede Annahme und konnte ungenaue Ballannahmen ausgleichen und Au\u00dfenangreiferin Sophia B\u00f6hm und Diaspielerin Sammy Dressler gut in Szene setzen. Mit 25-16 gewann der TSV den ersten Satz. Im zweiten Satz erh\u00f6hte Stuttgart den Aufschlagdruck und machte weniger Eigenfehler. Im Angriff konnten sich die Talente immer wieder geschickt durchsetzen und gewannen den zweiten Satz verdient mit 25-22. Im dritten Satz dominierte wieder der TSV mit seinem starken Aufschlagspiel und in der Abwehr konnten sich die Bartenbacher M\u00e4dels besser auf die Angriffe von Stuttgart einstellen und den Durchgang mit 25-15 gewinnen. Im vierten Satz war es lange ausgeglichen Zeit ausgeglichen. Der TSV Annahmeriegel um Ramona Metzger, Christine \u00dcbele und Sophia B\u00f6hm war sehr konstant, aber Stuttgart hielt dagegen. Mitte des Satzes legte dann Youngster Sophia B\u00f6hm eine Aufschlagserie hin, die auch der gegnerischen Trainer mit zwei Auszeiten nicht stoppen konnte. Damit leitete sie zum sp\u00e4teren Satzgewinn zum 25-18 ein.&nbsp;<br>Trainer Martin Kreher war mit der Leistung von den beiden Spielen hochzufrieden und der TSV Bartenbach konnte damit sechs Punkte verbuchen.<\/p>\n\n\n\n<p><strong>TSV Bartenbach:&nbsp;<\/strong>Angela Asam, Vera Aubele, Sophia B\u00f6hm, Sammy Dressler, Nela Haber, Jasmin Kolbus, Julia Kurz, Ramona Metzger, Lea Siehler, Claire Stotz, Christine \u00dcbele und Trainer Martin Kreher<\/p>\n\n\n\n<p><\/p>\n\n\n\n<p><strong>05.02.2023   SG Vfl Waiblingen\/SC Korb &#8211; TSV Bartenbach  2 &#8211; 3 <\/strong><\/p>\n\n\n\n<p><strong>Damen 1  gewinnen 3-2 Krimi in Korb<\/strong><\/p>\n\n\n\n<p>23-25 \/ 25-22 \/ 25-21 \/ 30-32 \/ 15-17<\/p>\n\n\n\n<p>Einen wichtigen 3-2 Ausw\u00e4rtssieg feierten die M\u00e4dels des TSV Bartenbach bei der SG Waibingen\/Korb. Bei dem intensiven 2&nbsp; \u00bd st\u00fcndigen Match musste der TSV im vierten Satz mehrere Matchb\u00e4lle abwehren und einen weiteren im f\u00fcnften Satz. Die in dieser Saison arg gebeutelte TSV Mannschaft durch zahlreiche Verletzungen und Krankheiten, muss seit Dezember auch noch auf Spielf\u00fchrerin Alexandra Bachofer verzichten, die in diesem Jahr Nachwuchs erwartet. Die Vorzeichen nach dem letzten Spiel in Dettingen waren nicht so g\u00fcnstig, da drei Spielerinnen Corona mitnahmen und zwei Wochen im Training pausieren mussten und Zuspielerin Sammy Dressler nach Ihrer Verletzung noch nicht zuspielen konnte. Dennoch ging man optimistisch in das Spiel, da man in der Vorrunde 3-0 gewinnen konnte. Der erste Satz wurde knapp mit 25-23 gewonnen. Im zweiten Satz schlug das Verletzungspech erneut zu. Kurz nach ihrer Einwechslung und gelungenen Aktionen &nbsp;verletzte sich Diagonalspielerin Vera Aubele und musste keine f\u00fcnf Minuten nach ihrer Einwechslung das Spielfeld wieder verlassen. Mit 25-22 gewann die SG Waiblingen\/Korb verdient den zweiten Satz. Im dritten Satz feierte dann Jasmin Kolbus nach 2,5 Jahren Babypause und Verletzungen ihr Comeback nach nur zwei Trainingseinheiten. Jasmin brachte dann mehr Sicherheit in der Annahme rein.&nbsp; Dennoch wurde der dritte Satz mit 21-25 verloren durch zu viele Eigenfehler. Durch die vielen notwendigen Umstellungen gab es zudem &nbsp;immer wieder Abstimmungsprobleme in der Verteidigung. Der vierte Satz war dann nichts f\u00fcr schwache Nerven. Der TSV Bartenbach musste mehrere Matchb\u00e4lle abwehren und zeigte sich nervenstark beim 32-30 Satzgewinn. Im f\u00fcnften Satz machte Sammy Dressler, die auf der Diagonalposition eingewechselt wurde, eine Aufschlagserie bis zum 9-3, das eigentlich die halbe Miete ist im f\u00fcnften Satz, der nur bis 15 Punkte geht. Ein weiterer Aufschlagpunkt von Sammy zum 10-3 wurde nicht anerkannt, weil noch ein zweiter Ball ins Spielfeld trudelte. Obwohl der Spielball schon fast am Boden war und nicht mehr erreicht werden konnte, z\u00e4hlte der Punkt nicht. Dennoch hatte man einen guten Vorsprung,  trotz eines 9-4 anstatt 10-3. Doch dann holte der Gastgeber Punkt f\u00fcr Punkt und gab nicht auf und ging sogar in F\u00fchrung und hatte erneut Matchball. Wiederum konnte der TSV Bartenbach diesen abwehren und verwandelte dann den zweiten Matchball seinerseits. Wenn auch das Aufschlagspiel und der Angriffsdruck noch viel Luft nach oben hat, so muss man den Kampfgeist und die Nervenst\u00e4rke hervorheben. So bleiben zwei Wochen Zeit im Training bis zum n\u00e4chsten Spiel mit der Hoffnung auf keine weiteren Verletzungen und Krankheiten.<\/p>\n\n\n\n<p>TSV Bartenbach: Angela Asam, Vera Aubele, Sophia B\u00f6hm, Sammy Dressler, Nela Haber, Jasmin Kolbus, Julia Kurz, Ramona Metzger, Lea Siehler, Claire Stotz, Christine \u00dcbele und Trainer Martin Kreher <\/p>\n","protected":false},"excerpt":{"rendered":"<p>BERICHTE SAISON 2024\/2025 >>> siehe unter Volleyball aktuell 09.03.2025 Aufstieg in die Verbandsliga 12.03.2025 Wir suchen Spielerinnen f\u00fcr die kommende Verbandsligasaison ! Damen 1 Bezirksliga Saison 2022\/2023 Training: Montag 20:00 &#8211; 21:45 Uhr Mittwoch 19:00 &#8211; 20:30 Uhr Kontakt: Alexandra Bachofer 0176 &#8211; 23333419 mail: alexandra.metzger1@googlemail.com Trainer: Martin Kreher 0160 &#8211; 96241895 mail: martin.kreher@t-online.de 04.03.23 &hellip; <a href=\"https:\/\/www.bartenbeach.de\/?page_id=9743\" class=\"more-link\"><span class=\"screen-reader-text\">DA 1 Landesliga Saison 2024\/2025<\/span> weiterlesen <span class=\"meta-nav\">&rarr;<\/span><\/a><\/p>\n","protected":false},"author":4,"featured_media":0,"parent":288,"menu_order":0,"comment_status":"closed","ping_status":"closed","template":"","meta":{"footnotes":""},"class_list":["post-9743","page","type-page","status-publish","hentry"],"_links":{"self":[{"href":"https:\/\/www.bartenbeach.de\/index.php?rest_route=\/wp\/v2\/pages\/9743","targetHints":{"allow":["GET"]}}],"collection":[{"href":"https:\/\/www.bartenbeach.de\/index.php?rest_route=\/wp\/v2\/pages"}],"about":[{"href":"https:\/\/www.bartenbeach.de\/index.php?rest_route=\/wp\/v2\/types\/page"}],"author":[{"embeddable":true,"href":"https:\/\/www.bartenbeach.de\/index.php?rest_route=\/wp\/v2\/users\/4"}],"replies":[{"embeddable":true,"href":"https:\/\/www.bartenbeach.de\/index.php?rest_route=%2Fwp%2Fv2%2Fcomments&post=9743"}],"version-history":[{"count":19,"href":"https:\/\/www.bartenbeach.de\/index.php?rest_route=\/wp\/v2\/pages\/9743\/revisions"}],"predecessor-version":[{"id":11489,"href":"https:\/\/www.bartenbeach.de\/index.php?rest_route=\/wp\/v2\/pages\/9743\/revisions\/11489"}],"up":[{"embeddable":true,"href":"https:\/\/www.bartenbeach.de\/index.php?rest_route=\/wp\/v2\/pages\/288"}],"wp:attachment":[{"href":"https:\/\/www.bartenbeach.de\/index.php?rest_route=%2Fwp%2Fv2%2Fmedia&parent=9743"}],"curies":[{"name":"wp","href":"https:\/\/api.w.org\/{rel}","templated":true}]}}