{"id":381,"date":"2011-11-02T19:35:18","date_gmt":"2011-11-02T19:35:18","guid":{"rendered":"http:\/\/papa-power-goeppingen.de\/runningwheels\/?page_id=381"},"modified":"2025-05-23T11:59:20","modified_gmt":"2025-05-23T09:59:20","slug":"frauengymnastik","status":"publish","type":"page","link":"https:\/\/www.bartenbeach.de\/?page_id=381","title":{"rendered":"Bauch-Beine-Po Frauenfitness"},"content":{"rendered":"<p><strong>BodyFIT <\/strong><\/p>\n<p><strong>Bauch-Beine-Po Frauenfitness, montags 19.00 &#8211; 20:00 Uhr<\/strong><\/p>\n<p>Das Anliegen der Montagsgruppe besteht darin, einen Ausgleich zum oft monotonen Alltag zu schaffen.<\/p>\n<p>Ausdauer, Koordination, Beweglichkeit und Kraft sind die Kernbereiche der \u00dcbungsstunden f\u00fcr alle Frauen, die fit bleiben wollen und Spa\u00df an der Bewegung zur Musik haben. Die \u00dcbungseinheiten werden individuell nach unterschiedlichen Gesichtspunkten zusammengestellt und entsprechend mit oder ohne Ger\u00e4te ausgef\u00fchrt.<\/p>\n<p><img loading=\"lazy\" decoding=\"async\" class=\"n3VNCb KAlRDb\" src=\"https:\/\/family-and-health.de\/wp-content\/uploads\/2020\/10\/Bauch-Beine-Po.jpg\" alt=\"Bauch Beine Po und Entspannung - Family and Health\" width=\"234\" height=\"234\" data-noaft=\"1\" \/><\/p>\n<p>Kontakt:\u00a0 Lisa Henzler<\/p>\n<p><a href=\"mailto:l.henzler@gmx.de\">l.henzler@gmx.de<\/a><\/p>\n","protected":false},"excerpt":{"rendered":"<p>BodyFIT Bauch-Beine-Po Frauenfitness, montags 19.00 &#8211; 20:00 Uhr Das Anliegen der Montagsgruppe besteht darin, einen Ausgleich zum oft monotonen Alltag zu schaffen. Ausdauer, Koordination, Beweglichkeit und Kraft sind die Kernbereiche der \u00dcbungsstunden f\u00fcr alle Frauen, die fit bleiben wollen und Spa\u00df an der Bewegung zur Musik haben. Die \u00dcbungseinheiten werden individuell nach unterschiedlichen Gesichtspunkten zusammengestellt &hellip; <a href=\"https:\/\/www.bartenbeach.de\/?page_id=381\" class=\"more-link\"><span class=\"screen-reader-text\">Bauch-Beine-Po Frauenfitness<\/span> weiterlesen <span class=\"meta-nav\">&rarr;<\/span><\/a><\/p>\n","protected":false},"author":4,"featured_media":0,"parent":379,"menu_order":0,"comment_status":"closed","ping_status":"closed","template":"","meta":{"footnotes":""},"class_list":["post-381","page","type-page","status-publish","hentry"],"_links":{"self":[{"href":"https:\/\/www.bartenbeach.de\/index.php?rest_route=\/wp\/v2\/pages\/381","targetHints":{"allow":["GET"]}}],"collection":[{"href":"https:\/\/www.bartenbeach.de\/index.php?rest_route=\/wp\/v2\/pages"}],"about":[{"href":"https:\/\/www.bartenbeach.de\/index.php?rest_route=\/wp\/v2\/types\/page"}],"author":[{"embeddable":true,"href":"https:\/\/www.bartenbeach.de\/index.php?rest_route=\/wp\/v2\/users\/4"}],"replies":[{"embeddable":true,"href":"https:\/\/www.bartenbeach.de\/index.php?rest_route=%2Fwp%2Fv2%2Fcomments&post=381"}],"version-history":[{"count":13,"href":"https:\/\/www.bartenbeach.de\/index.php?rest_route=\/wp\/v2\/pages\/381\/revisions"}],"predecessor-version":[{"id":11683,"href":"https:\/\/www.bartenbeach.de\/index.php?rest_route=\/wp\/v2\/pages\/381\/revisions\/11683"}],"up":[{"embeddable":true,"href":"https:\/\/www.bartenbeach.de\/index.php?rest_route=\/wp\/v2\/pages\/379"}],"wp:attachment":[{"href":"https:\/\/www.bartenbeach.de\/index.php?rest_route=%2Fwp%2Fv2%2Fmedia&parent=381"}],"curies":[{"name":"wp","href":"https:\/\/api.w.org\/{rel}","templated":true}]}}