{"id":332,"date":"2012-03-15T14:54:24","date_gmt":"2012-03-15T13:54:24","guid":{"rendered":"http:\/\/papa-power-goeppingen.de\/runningwheels\/?page_id=332"},"modified":"2026-03-30T15:14:52","modified_gmt":"2026-03-30T13:14:52","slug":"freizeitvolleyball-u40","status":"publish","type":"page","link":"https:\/\/www.bartenbeach.de\/?page_id=332","title":{"rendered":"Freizeitvolleyball M\u00e4nner"},"content":{"rendered":"\n<h3 class=\"wp-block-heading\"><strong><em>Die Mittwochs Volleyballer<\/em><\/strong><\/h3>\n\n\n\n<h3 class=\"wp-block-heading\"><strong><em>&nbsp;Saison &nbsp;2025\/2026&nbsp;<\/em><\/strong><\/h3>\n\n\n\n<p><strong>&nbsp;Noch 5 Tage&nbsp; bis zum <\/strong><strong>&nbsp;<\/strong><strong>Training&#8230;\ud83c\udfd0&nbsp;<\/strong><\/p>\n\n\n\n<p><strong>N\u00e4chstes Training:\u00a0 Mittwoch, den\u00a0 01.04.2026<\/strong><\/p>\n\n\n\n<p>bisherige Absagen :&nbsp; 0<\/p>\n\n\n\n<p><strong>&nbsp;<\/strong><strong>Trainingszeiten:&nbsp;<\/strong><strong>&nbsp;Mittwoch 20:30 &#8211; 22:00 Uhr<\/strong><\/p>\n\n\n\n<p>oder manchmal auch l\u00e4nger: Denn die Qualit\u00e4t setzt sich am Ende immer durch \ud83d\ude42<\/p>\n\n\n\n<p>Ansprechpartner:&nbsp; Martin Kreher<\/p>\n\n\n\n<p>Tel.: 0160-96241895<\/p>\n\n\n\n<p><strong>Derzeitiger Spielerkader 2024\/2025:&nbsp;<\/strong><\/p>\n\n\n\n<p>Gabriel Acar,&nbsp; Martin Agi, Sabri Barinc, Eduardo Barrios, Alex Bauer, Vasileios Bellos, Marcin Berbesz,&nbsp; Herbert G\u00f6ssl,&nbsp; Benjamin K\u00f6r, Nihat K\u00f6r,&nbsp; Helmut Siehler, Slava, Simon Tan, Stefan Tan und&nbsp; Martin Kreher<\/p>\n\n\n\n<p><strong>Die Geschichte von den Mittwochsvolleyballern.. oder wie mal alles begann&#8230;<\/strong><\/p>\n\n\n\n<p>(Motto:&nbsp; Es musste&nbsp; nicht jeder wissen wie gut wir sind!)<\/p>\n\n\n\n<p>Die Mittwochs Volleyballer im Allgemeinen &#8222;Volle Baller&#8220; genannt, gr\u00fcndeten sich aus ehemaligen Handballern, die sich aus unterschiedlichen Gr\u00fcnden nicht mehr aktiv auf dem Handball Spielfeld beteiligen konnten oder wollten. Die Namensgebung &#8222;Volle Baller&#8220; bildet sich aus <strong>Volle- Leistung<\/strong> und absolutem <strong>Ball- Gef\u00fchl.&nbsp;&nbsp;&nbsp;&nbsp;&nbsp;<\/strong><\/p>\n\n\n\n<p><strong>Spielerkader 2023\/2024:&nbsp;<\/strong><\/p>\n\n\n\n<p>Gabriel Acar,&nbsp; Martin Agi, Sabri Barinc, Eduardo Barrios, Alex Bauer, Vasileios Bellos, Marcin Berbesz,&nbsp; Herbert G\u00f6ssl,&nbsp; Manfred Joo\u00df, Benjamin K\u00f6r, Nihat K\u00f6r, Thomas Neumann, Helmut Siehler, Stefan Tan und&nbsp; Martin Kreher<\/p>\n\n\n<div class=\"wp-block-image\">\n<figure class=\"aligncenter\"><img decoding=\"async\" src=\"http:\/\/www.smilies.4-user.de\/include\/Sport\/smilie_sp_029.gif\" alt=\"smilie_sp_029.gif\"\/><\/figure><\/div>\n\n\n<p><strong>&nbsp;<\/strong><\/p>\n","protected":false},"excerpt":{"rendered":"<p>Die Mittwochs Volleyballer &nbsp;Saison &nbsp;2025\/2026&nbsp; &nbsp;Noch 5 Tage&nbsp; bis zum &nbsp;Training&#8230;\ud83c\udfd0&nbsp; N\u00e4chstes Training:\u00a0 Mittwoch, den\u00a0 01.04.2026 bisherige Absagen :&nbsp; 0 &nbsp;Trainingszeiten:&nbsp;&nbsp;Mittwoch 20:30 &#8211; 22:00 Uhr oder manchmal auch l\u00e4nger: Denn die Qualit\u00e4t setzt sich am Ende immer durch \ud83d\ude42 Ansprechpartner:&nbsp; Martin Kreher Tel.: 0160-96241895 Derzeitiger Spielerkader 2024\/2025:&nbsp; Gabriel Acar,&nbsp; Martin Agi, Sabri Barinc, Eduardo Barrios, &hellip; <a href=\"https:\/\/www.bartenbeach.de\/?page_id=332\" class=\"more-link\"><span class=\"screen-reader-text\">Freizeitvolleyball M\u00e4nner<\/span> weiterlesen <span class=\"meta-nav\">&rarr;<\/span><\/a><\/p>\n","protected":false},"author":7,"featured_media":0,"parent":288,"menu_order":0,"comment_status":"closed","ping_status":"closed","template":"","meta":{"footnotes":""},"class_list":["post-332","page","type-page","status-publish","hentry"],"_links":{"self":[{"href":"https:\/\/www.bartenbeach.de\/index.php?rest_route=\/wp\/v2\/pages\/332","targetHints":{"allow":["GET"]}}],"collection":[{"href":"https:\/\/www.bartenbeach.de\/index.php?rest_route=\/wp\/v2\/pages"}],"about":[{"href":"https:\/\/www.bartenbeach.de\/index.php?rest_route=\/wp\/v2\/types\/page"}],"author":[{"embeddable":true,"href":"https:\/\/www.bartenbeach.de\/index.php?rest_route=\/wp\/v2\/users\/7"}],"replies":[{"embeddable":true,"href":"https:\/\/www.bartenbeach.de\/index.php?rest_route=%2Fwp%2Fv2%2Fcomments&post=332"}],"version-history":[{"count":152,"href":"https:\/\/www.bartenbeach.de\/index.php?rest_route=\/wp\/v2\/pages\/332\/revisions"}],"predecessor-version":[{"id":11975,"href":"https:\/\/www.bartenbeach.de\/index.php?rest_route=\/wp\/v2\/pages\/332\/revisions\/11975"}],"up":[{"embeddable":true,"href":"https:\/\/www.bartenbeach.de\/index.php?rest_route=\/wp\/v2\/pages\/288"}],"wp:attachment":[{"href":"https:\/\/www.bartenbeach.de\/index.php?rest_route=%2Fwp%2Fv2%2Fmedia&parent=332"}],"curies":[{"name":"wp","href":"https:\/\/api.w.org\/{rel}","templated":true}]}}

Freizeitvolleyball Männer

<h3 class="wp-block-heading"><strong><em>Die Mittwochs Volleyballer</em></strong></h3>



<h3 class="wp-block-heading"><strong><em>&nbsp;Saison &nbsp;2025/2026&nbsp;</em></strong></h3>



<p><strong>&nbsp;Noch 5 Tage&nbsp; bis zum </strong><strong>&nbsp;</strong><strong>Training&#8230;🏐&nbsp;</strong></p>



<p><strong>Nächstes Training:  Mittwoch, den  01.04.2026</strong></p>



<p>bisherige Absagen :&nbsp; 0</p>



<p><strong>&nbsp;</strong><strong>Trainingszeiten:&nbsp;</strong><strong>&nbsp;Mittwoch 20:30 &#8211; 22:00 Uhr</strong></p>



<p>oder manchmal auch länger: Denn die Qualität setzt sich am Ende immer durch 🙂</p>



<p>Ansprechpartner:&nbsp; Martin Kreher</p>



<p>Tel.: 0160-96241895</p>



<p><strong>Derzeitiger Spielerkader 2024/2025:&nbsp;</strong></p>



<p>Gabriel Acar,&nbsp; Martin Agi, Sabri Barinc, Eduardo Barrios, Alex Bauer, Vasileios Bellos, Marcin Berbesz,&nbsp; Herbert Gössl,&nbsp; Benjamin Kör, Nihat Kör,&nbsp; Helmut Siehler, Slava, Simon Tan, Stefan Tan und&nbsp; Martin Kreher</p>



<p><strong>Die Geschichte von den Mittwochsvolleyballern.. oder wie mal alles begann&#8230;</strong></p>



<p>(Motto:&nbsp; Es musste&nbsp; nicht jeder wissen wie gut wir sind!)</p>



<p>Die Mittwochs Volleyballer im Allgemeinen &#8222;Volle Baller&#8220; genannt, gründeten sich aus ehemaligen Handballern, die sich aus unterschiedlichen Gründen nicht mehr aktiv auf dem Handball Spielfeld beteiligen konnten oder wollten. Die Namensgebung &#8222;Volle Baller&#8220; bildet sich aus <strong>Volle- Leistung</strong> und absolutem <strong>Ball- Gefühl.&nbsp;&nbsp;&nbsp;&nbsp;&nbsp;</strong></p>



<p><strong>Spielerkader 2023/2024:&nbsp;</strong></p>



<p>Gabriel Acar,&nbsp; Martin Agi, Sabri Barinc, Eduardo Barrios, Alex Bauer, Vasileios Bellos, Marcin Berbesz,&nbsp; Herbert Gössl,&nbsp; Manfred Jooß, Benjamin Kör, Nihat Kör, Thomas Neumann, Helmut Siehler, Stefan Tan und&nbsp; Martin Kreher</p>


<div class="wp-block-image">
<figure class="aligncenter"><img decoding="async" src="http://www.smilies.4-user.de/include/Sport/smilie_sp_029.gif" alt="smilie_sp_029.gif"/></figure></div>


<p><strong>&nbsp;</strong></p>

<p>Die Mittwochs Volleyballer &nbsp;Saison &nbsp;2025/2026&nbsp; &nbsp;Noch 5 Tage&nbsp; bis zum &nbsp;Training&#8230;🏐&nbsp; Nächstes Training:  Mittwoch, den  01.04.2026 bisherige Absagen :&nbsp; 0 &nbsp;Trainingszeiten:&nbsp;&nbsp;Mittwoch 20:30 &#8211; 22:00 Uhr oder manchmal auch länger: Denn die Qualität setzt sich am Ende immer durch 🙂 Ansprechpartner:&nbsp; Martin Kreher Tel.: 0160-96241895 Derzeitiger Spielerkader 2024/2025:&nbsp; Gabriel Acar,&nbsp; Martin Agi, Sabri Barinc, Eduardo Barrios, &hellip; <a href="https://www.bartenbeach.de/?page_id=332" class="more-link"><span class="screen-reader-text">Freizeitvolleyball Männer</span> weiterlesen <span class="meta-nav">&rarr;</span></a></p>
