{"id":304,"date":"2011-10-22T18:20:45","date_gmt":"2011-10-22T18:20:45","guid":{"rendered":"http:\/\/papa-power-goeppingen.de\/runningwheels\/"},"modified":"2026-04-13T10:39:14","modified_gmt":"2026-04-13T08:39:14","slug":"downloads","status":"publish","type":"page","link":"https:\/\/www.bartenbeach.de\/?page_id=304","title":{"rendered":"Downloads\/Formulare"},"content":{"rendered":"\n<h3 class=\"wp-block-heading\"><strong>Handball:<\/strong><\/h3>\n\n\n\n<p><a href=\"https:\/\/www.bartenbeach.de\/wp-content\/uploads\/2025\/04\/PR24060-TSV-Sammelmappe-BBa-V5.pdf\" target=\"_blank\" rel=\"noreferrer noopener\">&#8211; TSV Sponsoring Konzept<\/a>&nbsp;&nbsp;&nbsp;<strong><em><span style=\"color: #ff0000;\">werden &nbsp;Sie Sponsor beim TSV Bartenbach<\/span><\/em><\/strong><\/p>\n\n\n\n<p><\/p>\n\n\n\n<br>\n\n\n\n<h3 class=\"wp-block-heading\"><strong>Tennis:<\/strong><\/h3>\n\n\n\n<p><a href=\"https:\/\/www.bartenbeach.de\/wp-content\/uploads\/2026\/04\/2026-Tennis-Aufnahmeantrag.pdf\" data-type=\"URL\" target=\"_blank\" rel=\"noreferrer noopener\">&#8211; Aufnahmeantrag Tennis (Stand:2026)<\/a><\/p>\n\n\n\n<p><\/p>\n\n\n\n<br>\n\n\n\n<h3 class=\"wp-block-heading\"><strong>Verein zur F\u00f6rderung des des Handballsports in Bartenbach e.V.<\/strong><\/h3>\n\n\n\n<p><a title=\"F\u00f6rderverein des Handballsports in Bartenbach e.V.\" href=\"https:\/\/www.bartenbeach.de\/wp-content\/uploads\/2018\/09\/BEITRITTSERKL\u00c4RUNG_2018.pdf\" target=\"_blank\" rel=\"noopener noreferrer\">&#8211; Unterst\u00fctze den Handballsport in Bartenbach, Beitrittserkl\u00e4rung <\/a><\/p>\n\n\n\n<p><a href=\"https:\/\/www.bartenbeach.de\/wp-content\/uploads\/2022\/12\/Antraege-an-den-Foerderverein.pdf\" data-type=\"URL\" data-id=\"https:\/\/www.bartenbeach.de\/wp-content\/uploads\/2022\/12\/Antraege-an-den-Foerderverein.pdf\" target=\"_blank\" rel=\"noreferrer noopener\">&#8211; Antr\u00e4ge an den F\u00f6rderverein<\/a><\/p>\n\n\n\n<p><span style=\"text-decoration: underline;\">&#8211; F\u00fcr Spenden:<\/span> ( <strong>Verein zur F\u00f6rderung des<\/strong> <strong>Handballsports in Bartenbach e.V. <\/strong>)<strong><br><\/strong><\/p>\n\n\n\n<p><strong>IBAN: DE86 6105 0000 0000 2231 00<\/strong><\/p>\n\n\n\n<p><strong>BIC: GOPSDE6GXXX<\/strong><\/p>\n\n\n\n<p><strong>Konto Nr.: 223 100&nbsp; \/ BLZ: 610 500 00<\/strong><\/p>\n\n\n\n<br>\n\n\n\n<h3 class=\"wp-block-heading\"><strong>Sonstiges:<\/strong><\/h3>\n\n\n\n<p><a href=\"https:\/\/www.bartenbeach.de\/wp-content\/uploads\/2025\/01\/NeuBEITRITTab2025-4.pdf\" data-type=\"URL\" data-id=\"https:\/\/www.bartenbeach.de\/wp-content\/uploads\/2022\/02\/NeuBEITRITTVord-BeachAbtl.pdf\" target=\"_blank\" rel=\"noreferrer noopener\">&#8211; Beitrittsformular TSV Bartenbach<\/a><\/p>\n\n\n\n<p><a href=\"https:\/\/www.bartenbeach.de\/wp-content\/uploads\/2025\/02\/BeitragsordnungLOGO.pdf\" target=\"_blank\" rel=\"noreferrer noopener\">&#8211; Beitragsordnung<\/a><\/p>\n\n\n\n<p><a title=\"Satzung TSV\" href=\"https:\/\/www.bartenbeach.de\/wp-content\/uploads\/2019\/11\/Satzung_neu-2019.pdf\" target=\"_blank\" rel=\"noopener noreferrer\">&#8211; Satzung TSV Bartenbach<\/a> e.V.<\/p>\n\n\n\n<p><a href=\"https:\/\/www.bartenbeach.de\/wp-content\/uploads\/2011\/10\/Antrag-Jugendbeitrag.pdf\" target=\"_blank\" rel=\"noopener noreferrer\">&#8211; Antrag Jugendbeitrag<\/a><\/p>\n\n\n\n<p><\/p>\n","protected":false},"excerpt":{"rendered":"<p>Handball: &#8211; TSV Sponsoring Konzept&nbsp;&nbsp;&nbsp;werden &nbsp;Sie Sponsor beim TSV Bartenbach Tennis: &#8211; Aufnahmeantrag Tennis (Stand:2026) Verein zur F\u00f6rderung des des Handballsports in Bartenbach e.V. &#8211; Unterst\u00fctze den Handballsport in Bartenbach, Beitrittserkl\u00e4rung &#8211; Antr\u00e4ge an den F\u00f6rderverein &#8211; F\u00fcr Spenden: ( Verein zur F\u00f6rderung des Handballsports in Bartenbach e.V. ) IBAN: DE86 6105 0000 0000 2231 &hellip; <a href=\"https:\/\/www.bartenbeach.de\/?page_id=304\" class=\"more-link\"><span class=\"screen-reader-text\">Downloads\/Formulare<\/span> weiterlesen <span class=\"meta-nav\">&rarr;<\/span><\/a><\/p>\n","protected":false},"author":4,"featured_media":0,"parent":0,"menu_order":0,"comment_status":"closed","ping_status":"closed","template":"","meta":{"footnotes":""},"class_list":["post-304","page","type-page","status-publish","hentry"],"_links":{"self":[{"href":"https:\/\/www.bartenbeach.de\/index.php?rest_route=\/wp\/v2\/pages\/304","targetHints":{"allow":["GET"]}}],"collection":[{"href":"https:\/\/www.bartenbeach.de\/index.php?rest_route=\/wp\/v2\/pages"}],"about":[{"href":"https:\/\/www.bartenbeach.de\/index.php?rest_route=\/wp\/v2\/types\/page"}],"author":[{"embeddable":true,"href":"https:\/\/www.bartenbeach.de\/index.php?rest_route=\/wp\/v2\/users\/4"}],"replies":[{"embeddable":true,"href":"https:\/\/www.bartenbeach.de\/index.php?rest_route=%2Fwp%2Fv2%2Fcomments&post=304"}],"version-history":[{"count":64,"href":"https:\/\/www.bartenbeach.de\/index.php?rest_route=\/wp\/v2\/pages\/304\/revisions"}],"predecessor-version":[{"id":12028,"href":"https:\/\/www.bartenbeach.de\/index.php?rest_route=\/wp\/v2\/pages\/304\/revisions\/12028"}],"wp:attachment":[{"href":"https:\/\/www.bartenbeach.de\/index.php?rest_route=%2Fwp%2Fv2%2Fmedia&parent=304"}],"curies":[{"name":"wp","href":"https:\/\/api.w.org\/{rel}","templated":true}]}}