{"id":292,"date":"2011-10-22T18:17:31","date_gmt":"2011-10-22T18:17:31","guid":{"rendered":"http:\/\/papa-power-goeppingen.de\/runningwheels\/"},"modified":"2021-01-24T13:46:27","modified_gmt":"2021-01-24T12:46:27","slug":"sponsoren","status":"publish","type":"page","link":"https:\/\/www.bartenbeach.de\/?page_id=292","title":{"rendered":"Unsere Sponsoren"},"content":{"rendered":"<p>Bitte ber\u00fccksichtigen sie unsere Sponsoren bei ihren Eink\u00e4ufen und Auftr\u00e4gen<\/p>\n<p>&nbsp;<\/p>\n<table width=\"397\" cellspacing=\"0\" cellpadding=\"0\" border=\"0\">\n<colgroup>\n<col width=\"115\">\n<col width=\"166\">\n<col width=\"116\"><\/colgroup>\n<tbody>\n<tr>\n<td width=\"115\" height=\"21\">Firma<\/td>\n<td width=\"166\">Branche<\/td>\n<td width=\"116\">Ort<\/td>\n<\/tr>\n<tr>\n<td height=\"17\"><a title=\"Quadro-Apotheke\" href=\"http:\/\/quadro-apotheke.de\/\" target=\"_blank\" rel=\"noopener\">BLESS YOU Apotheke<\/a><\/td>\n<td><a title=\"Quadro-Apotheke\" href=\"http:\/\/quadro-apotheke.de\/\" target=\"_blank\" rel=\"noopener\">Apotheke<\/a><\/td>\n<td><a title=\"Quadro-Apotheke\" href=\"http:\/\/quadro-apotheke.de\/\" target=\"_blank\" rel=\"noopener\">G\u00f6ppingen &#8211; Bartenbach<\/a><\/td>\n<\/tr>\n<tr>\n<td height=\"17\"><a title=\"B\u00e4ckerei Zeller\" href=\"https:\/\/www.goyellow.de\/home\/baeckerei-zeller-goeppingen-bartenbach.html\" target=\"_blank\" rel=\"noopener\">B\u00e4ckerei Zeller<\/a><\/td>\n<td><a title=\"B\u00e4ckerei Zeller\" href=\"https:\/\/www.goyellow.de\/home\/baeckerei-zeller-goeppingen-bartenbach.html\" target=\"_blank\" rel=\"noopener\">B\u00e4ckerei <\/a><\/td>\n<td><a title=\"B\u00e4ckerei Zeller\" href=\"https:\/\/www.goyellow.de\/home\/baeckerei-zeller-goeppingen-bartenbach.html\" target=\"_blank\" rel=\"noopener\">G\u00f6ppingen &#8211; Bartenbach<\/a><\/td>\n<\/tr>\n<tr>\n<td height=\"17\"><a title=\"Barbarossa-Thermen\" href=\"http:\/\/www.barbarossa-thermen.de\/\" target=\"_blank\" rel=\"noopener\">Barbarossa Thermen<\/a><\/td>\n<td><a title=\"Barbarossa-Thermen\" href=\"http:\/\/www.barbarossa-thermen.de\/\" target=\"_blank\" rel=\"noopener\">Stadtwerke G\u00f6ppingen<\/a><\/td>\n<td><a title=\"Barbarossa-Thermen\" href=\"http:\/\/www.barbarossa-thermen.de\/\" target=\"_blank\" rel=\"noopener\">G\u00f6ppingen<\/a><\/td>\n<\/tr>\n<tr>\n<td height=\"17\"><a title=\"Con-La-Natura\" href=\"http:\/\/www.con-la-natura.de\/\" target=\"_blank\" rel=\"noopener\">Con-La-Natura<\/a><\/td>\n<td><a title=\"Con-La-Natura\" href=\"http:\/\/www.con-la-natura.de\/\" target=\"_blank\" rel=\"noopener\">Events<\/a><\/td>\n<td><a title=\"Con-La-Natura\" href=\"http:\/\/www.con-la-natura.de\/\" target=\"_blank\" rel=\"noopener\">G\u00f6ppingen<\/a><\/td>\n<\/tr>\n<tr>\n<td height=\"17\"><a title=\"Domino Musikbistro\" href=\"https:\/\/www.facebook.com\/pages\/Domino-Musikbistro\/219363914742880\" target=\"_blank\" rel=\"noopener\">Domino Musikbistro<\/a><\/td>\n<td><a title=\"Domino\" href=\"https:\/\/www.facebook.com\/pages\/Domino-Musikbistro\/219363914742880\" target=\"_blank\" rel=\"noopener\">Kneipe<\/a><\/td>\n<td><a title=\"Domino\" href=\"https:\/\/www.facebook.com\/pages\/Domino-Musikbistro\/219363914742880\" target=\"_blank\" rel=\"noopener\">Bartenbach<\/a><\/td>\n<\/tr>\n<tr>\n<td height=\"17\"><a title=\"Mozart Security\" href=\"http:\/\/www.mozart-security.de\" target=\"_blank\" rel=\"noopener\">Mozart Security<\/a><\/td>\n<td><a title=\"Mozart Security\" href=\"http:\/\/www.mozart-security.de\" target=\"_blank\" rel=\"noopener\">Sicherheit<\/a><\/td>\n<td><a title=\"Mozart Security\" href=\"http:\/\/www.mozart-security.de\" target=\"_blank\" rel=\"noopener\">Eislingen<\/a><\/td>\n<\/tr>\n<tr>\n<td height=\"17\"><a title=\"EVF Filstal\" href=\"https:\/\/www.evf.de\" target=\"_blank\" rel=\"noopener\">EVF, Energieversorgung Filstal<\/a><\/td>\n<td><a title=\"EVF Filstal\" href=\"https:\/\/www.evf.de\" target=\"_blank\" rel=\"noopener\">Energie<\/a><\/td>\n<td><a title=\"EVF Filstal\" href=\"https:\/\/www.evf.de\" target=\"_blank\" rel=\"noopener\">G\u00f6ppingen<\/a><\/td>\n<\/tr>\n<tr>\n<td height=\"17\"><a title=\"Gefeller Auto\" href=\"http:\/\/www.gewerbeauskunft-zentrale.de\/details\/103932\/AUTO_GEFELLER_Reiner_Gefeller_in_Uhingen.html\" target=\"_blank\" rel=\"noopener\">Gefeller<\/a><\/td>\n<td><a title=\"Gefeller Auto\" href=\"http:\/\/www.gewerbeauskunft-zentrale.de\/details\/103932\/AUTO_GEFELLER_Reiner_Gefeller_in_Uhingen.html\" target=\"_blank\" rel=\"noopener\">Auto<\/a><\/td>\n<td><a title=\"Gefeller Auto\" href=\"http:\/\/www.gewerbeauskunft-zentrale.de\/details\/103932\/AUTO_GEFELLER_Reiner_Gefeller_in_Uhingen.html\" target=\"_blank\" rel=\"noopener\">Uhingen<\/a><\/td>\n<\/tr>\n<tr>\n<td height=\"17\"><a title=\"Garten- und Landschaftsbau\" href=\"http:\/\/www.gaertnergroening.de\/\" target=\"_blank\" rel=\"noopener\">Gr\u00f6ning<\/a><\/td>\n<td><a title=\"Garten- und Landschaftsbau\" href=\"http:\/\/www.gaertnergroening.de\/\" target=\"_blank\" rel=\"noopener\">Landschaftsg\u00e4rtnerei<\/a><\/td>\n<td><a title=\"Garten- und Landschaftsbau\" href=\"http:\/\/www.gaertnergroening.de\/\" target=\"_blank\" rel=\"noopener\">G\u00f6ppingen &#8211; Bartenbach<\/a><\/td>\n<\/tr>\n<tr>\n<td height=\"17\"><a title=\"h3 Zahn\u00e4rzte G\u00f6ppingen\" href=\"http:\/\/h3-zahnaerzte.de\/\" target=\"_blank\" rel=\"noopener\">h3-Zahn\u00e4rzte<\/a><\/td>\n<td><a title=\"h3 Zahn\u00e4rzte G\u00f6ppingen\" href=\"http:\/\/h3-zahnaerzte.de\/\" target=\"_blank\" rel=\"noopener\">Zahnmedizinisches Therapiezentrum<\/a><\/td>\n<td><a title=\"h3 Zahn\u00e4rzte G\u00f6ppingen\" href=\"http:\/\/h3-zahnaerzte.de\/\" target=\"_blank\" rel=\"noopener\">Rechberghausen<\/a><\/td>\n<\/tr>\n<tr>\n<td height=\"17\"><a title=\"SP:Horvat\" href=\"http:\/\/www.sp-horvat.de\/\" target=\"_blank\" rel=\"noopener\">sp-horvat<\/a><\/td>\n<td><a title=\"SP:Horvat\" href=\"http:\/\/www.sp-horvat.de\/\" target=\"_blank\" rel=\"noopener\">TV, Multimedia, Elektro<\/a><\/td>\n<td><a title=\"SP:Horvat\" href=\"http:\/\/www.sp-horvat.de\/\" target=\"_blank\" rel=\"noopener\">Rechberghausen<\/a><\/td>\n<\/tr>\n<tr>\n<td height=\"17\"><a title=\"a gscheits Bier\" href=\"http:\/\/www.kaiser-brauerei.de\/\" target=\"_blank\" rel=\"noopener\">Kaiser<\/a><\/td>\n<td><a title=\"a gscheits Bier\" href=\"http:\/\/www.kaiser-brauerei.de\/\" target=\"_blank\" rel=\"noopener\">Brauerei<\/a><\/td>\n<td><a title=\"a gscheits Bier\" href=\"http:\/\/www.kaiser-brauerei.de\/\" target=\"_blank\" rel=\"noopener\">Geislingen<\/a><\/td>\n<\/tr>\n<tr>\n<td height=\"17\"><a title=\"Johs. Koch GmbH + Co.KG\" href=\"http:\/\/www.koch-holzwerke.de\/\" target=\"_blank\" rel=\"noopener\">Holzwerke Koch<\/a><\/td>\n<td><a title=\"Johs. Koch GmbH + Co.KG\" href=\"http:\/\/www.koch-holzwerke.de\/\" target=\"_blank\" rel=\"noopener\">Holzwerke<\/a><\/td>\n<td><a title=\"Johs. Koch GmbH + Co.KG\" href=\"http:\/\/www.koch-holzwerke.de\/\" target=\"_blank\" rel=\"noopener\">Eislingen<\/a><\/td>\n<\/tr>\n<tr>\n<td height=\"17\"><a title=\"Handball 2 go\" href=\"http:\/\/www.handball2go.de\/\" target=\"_blank\" rel=\"noopener\">K\u00f6lle<\/a><\/td>\n<td><a title=\"Handball 2 go\" href=\"http:\/\/www.handball2go.de\/\" target=\"_blank\" rel=\"noopener\">Sport<\/a><\/td>\n<td><a title=\"Handball 2 go\" href=\"http:\/\/www.handball2go.de\/\" target=\"_blank\" rel=\"noopener\">Gingen\/Fils<br \/>\n<\/a><\/td>\n<\/tr>\n<tr>\n<td height=\"17\"><a title=\"Dr. Lang Ingenieure\" href=\"http:\/\/www.lang-ing.de\/\" target=\"_blank\" rel=\"noopener\">Lang<\/a><\/td>\n<td><a title=\"Dr. Lang Ingenieure\" href=\"http:\/\/www.lang-ing.de\/\" target=\"_blank\" rel=\"noopener\">Ingenieure<\/a><\/td>\n<td><a title=\"Dr. Lang Ingenieure\" href=\"http:\/\/www.lang-ing.de\/\" target=\"_blank\" rel=\"noopener\">G\u00f6ppingen<\/a><\/td>\n<\/tr>\n<tr>\n<td height=\"17\"><a title=\"medicus-physiotherapie\" href=\"http:\/\/www.medicus-physiotherapie.de\/\" target=\"_blank\" rel=\"noopener\">Jens Freitag medicus-physiotherapie<\/a><\/td>\n<td><a title=\"medicus-physiotherapie\" href=\"http:\/\/www.medicus-physiotherapie.de\/\" target=\"_blank\" rel=\"noopener\">Physiotherapie \/ Krankengymnastik<\/a><\/td>\n<td><a title=\"medicus-physiotherapie\" href=\"http:\/\/www.medicus-physiotherapie.de\/\" target=\"_blank\" rel=\"noopener\">G\u00f6ppingen<\/a><\/td>\n<\/tr>\n<tr>\n<td height=\"17\"><a title=\"M\u00e4nnermode Metzmeier\" href=\"http:\/\/www.metzmeier.com\" target=\"_blank\" rel=\"noopener\">Metzmeier<\/a><\/td>\n<td><a title=\"M\u00e4nnermode Metzmeier\" href=\"http:\/\/www.metzmeier.com\" target=\"_blank\" rel=\"noopener\">Mode<\/a><\/td>\n<td><a title=\"M\u00e4nnermode Metzmeier\" href=\"http:\/\/www.metzmeier.com\" target=\"_blank\" rel=\"noopener\">G\u00f6ppingen<\/a><\/td>\n<\/tr>\n<tr>\n<td height=\"17\"><a title=\"Autohaus M\u00fcller\" href=\"http:\/\/www.vw-mueller.de\/\" target=\"_blank\" rel=\"noopener\">M\u00fcller<\/a><\/td>\n<td><a title=\"Autohaus M\u00fcller\" href=\"http:\/\/www.vw-mueller.de\/\" target=\"_blank\" rel=\"noopener\">Autohaus<\/a><\/td>\n<td><a title=\"Autohaus M\u00fcller\" href=\"http:\/\/www.vw-mueller.de\/\" target=\"_blank\" rel=\"noopener\">Rechberghausen<\/a><\/td>\n<\/tr>\n<tr>\n<td height=\"17\"><a title=\"Clubhaus\" href=\"https:\/\/www.bartenbeach.de\/?page_id=271\" target=\"_blank\" rel=\"noopener\">Pizzeria Santangela, TSV-Clubhaus<\/a><\/td>\n<td><a title=\"Clubhaus\" href=\"https:\/\/www.bartenbeach.de\/?page_id=271\" target=\"_blank\" rel=\"noopener\">Gastst\u00e4tte<\/a><\/td>\n<td><a title=\"Clubhaus\" href=\"https:\/\/www.bartenbeach.de\/?page_id=271\" target=\"_blank\" rel=\"noopener\">G\u00f6ppingen &#8211; Bartenbach<\/a><\/td>\n<\/tr>\n<tr>\n<td height=\"17\"><a title=\"Schaible Fu\u00dfpflege &amp; Wellness\" href=\"http:\/\/www.schaible-online.de\/39994\/home.html\" target=\"_blank\" rel=\"noopener\">Schaible Fu\u00dfpflege &amp; Wellness<\/a><\/td>\n<td><a title=\"Schaible Fu\u00dfpflege &amp; Wellness\" href=\"http:\/\/www.schaible-online.de\/39994\/home.html\" target=\"_blank\" rel=\"noopener\">Fu\u00dfpflege &amp; Wellness<\/a><\/td>\n<td><a title=\"Schaible Fu\u00dfpflege &amp; Wellness\" href=\"http:\/\/www.schaible-online.de\/39994\/home.html\" target=\"_blank\" rel=\"noopener\">G\u00f6ppingen &#8211; Bartenbach<\/a><\/td>\n<\/tr>\n<tr>\n<td height=\"17\"><a title=\"Studio Siebert\" href=\"https:\/\/siebert-studio.de\/\" target=\"_blank\" rel=\"noopener\">Studio Siebert<\/a><\/td>\n<td><a title=\"Studio Siebert\" href=\"https:\/\/siebert-studio.de\/\" target=\"_blank\" rel=\"noopener\">Dein K\u00f6rperstudio<\/a><\/td>\n<td><a title=\"Studio Siebert\" href=\"https:\/\/siebert-studio.de\/\" target=\"_blank\" rel=\"noopener\">Eislingen<\/a><\/td>\n<\/tr>\n<tr>\n<td height=\"17\"><a title=\"SPECHTI Getr\u00e4nkefachmarkt\" href=\"https:\/\/www.spechti-getraenke.de\/\" target=\"_blank\" rel=\"noopener\">SPECHTI Getr\u00e4nkefachmarkt<\/a><\/td>\n<td><a title=\"SPECHTI Getr\u00e4nkefachmarkt\" href=\"https:\/\/www.spechti-getraenke.de\/\" target=\"_blank\" rel=\"noopener\">Getr\u00e4nkefachmarkt<\/a><\/td>\n<td><a title=\"SPECHTI Getr\u00e4nkefachmarkt\" href=\"https:\/\/www.spechti-getraenke.de\/\" target=\"_blank\" rel=\"noopener\">G\u00f6ppingen &#8211; Bartenbach<\/a><\/td>\n<\/tr>\n<tr>\n<td height=\"17\"><a title=\"Fahrschule Stahl\" href=\"http:\/\/www.fahrschulestahl.de\" target=\"_blank\" rel=\"noopener\">Stahl<\/a><\/td>\n<td><a title=\"Fahrschule Stahl\" href=\"http:\/\/www.fahrschulestahl.de\" target=\"_blank\" rel=\"noopener\">Fahrschule<\/a><\/td>\n<td><a title=\"Fahrschule Stahl\" href=\"http:\/\/www.fahrschulestahl.de\" target=\"_blank\" rel=\"noopener\">G\u00f6ppingen<\/a><\/td>\n<\/tr>\n<tr>\n<td height=\"17\"><a title=\"Autohaus Staudenmayer\" href=\"http:\/\/web101.webbox443.server-home.org\/\" target=\"_blank\" rel=\"noopener\">Autohaus Staudenmayer<\/a><\/td>\n<td><a title=\"Autohaus Staudenmayer\" href=\"http:\/\/web101.webbox443.server-home.org\/\" target=\"_blank\" rel=\"noopener\">Autohaus<\/a><\/td>\n<td><a title=\"Autohaus Staudenmayer\" href=\"http:\/\/web101.webbox443.server-home.org\/\" target=\"_blank\" rel=\"noopener\">Rechberghausen<\/a><\/td>\n<\/tr>\n<tr>\n<td height=\"17\"><a title=\"Plata-Haarmode\" href=\"http:\/\/www.plata-haarmode.de\/\" target=\"_blank\" rel=\"noopener\">Plata-Haarmode<\/a><\/td>\n<td><a title=\"Plata-Haarmode\" href=\"http:\/\/www.plata-haarmode.de\/\" target=\"_blank\" rel=\"noopener\">Haarmode<\/a><\/td>\n<td><a title=\"Plata-Haarmode\" href=\"http:\/\/www.plata-haarmode.de\/\" target=\"_blank\" rel=\"noopener\">G\u00f6ppingen<\/a><\/td>\n<\/tr>\n<tr>\n<td height=\"17\"><a title=\"Pilsbar Sowieso\" href=\"https:\/\/www.facebook.com\/pages\/Pilsbar-Sowieso\/377878265569074\" target=\"_blank\" rel=\"noopener\">Pilsbar Sowieso<\/a><\/td>\n<td><a title=\"Pilsbar Sowieso\" href=\"https:\/\/www.facebook.com\/pages\/Pilsbar-Sowieso\/377878265569074\" target=\"_blank\" rel=\"noopener\">Pilsbar<\/a><\/td>\n<td><a title=\"Pilsbar Sowieso\" href=\"https:\/\/www.facebook.com\/pages\/Pilsbar-Sowieso\/377878265569074\" target=\"_blank\" rel=\"noopener\">G\u00f6ppingen<\/a><\/td>\n<\/tr>\n<tr>\n<td height=\"17\"><a title=\"Zaunbau Stohrer\" href=\"http:\/\/www.stohrer-zaun.de\/\" target=\"_blank\" rel=\"noopener\">Stohrer GmbH<\/a><\/td>\n<td><a title=\"Zaunbau Stohrer\" href=\"http:\/\/www.stohrer-zaun.de\/\" target=\"_blank\" rel=\"noopener\">Zaun- und Metallbau<\/a><\/td>\n<td><a title=\"Zaunbau Stohrer\" href=\"http:\/\/www.stohrer-zaun.de\/\" target=\"_blank\" rel=\"noopener\">G\u00f6ppingen<\/a><\/td>\n<\/tr>\n<tr>\n<td height=\"17\"><a title=\"Voba G\u00f6ppingen\" href=\"http:\/\/www.volksbank-goeppingen.de\" target=\"_blank\" rel=\"noopener\">Volksbank<\/a><\/td>\n<td><a title=\"Voba G\u00f6ppingen\" href=\"http:\/\/www.volksbank-goeppingen.de\" target=\"_blank\" rel=\"noopener\">Bank<\/a><\/td>\n<td><a title=\"Voba G\u00f6ppingen\" href=\"http:\/\/www.volksbank-goeppingen.de\" target=\"_blank\" rel=\"noopener\">G\u00f6ppingen<\/a><\/td>\n<\/tr>\n<\/tbody>\n<\/table>\n<p>&nbsp;<\/p>\n","protected":false},"excerpt":{"rendered":"<p>Bitte ber\u00fccksichtigen sie unsere Sponsoren bei ihren Eink\u00e4ufen und Auftr\u00e4gen &nbsp; Firma Branche Ort BLESS YOU Apotheke Apotheke G\u00f6ppingen &#8211; Bartenbach B\u00e4ckerei Zeller B\u00e4ckerei G\u00f6ppingen &#8211; Bartenbach Barbarossa Thermen Stadtwerke G\u00f6ppingen G\u00f6ppingen Con-La-Natura Events G\u00f6ppingen Domino Musikbistro Kneipe Bartenbach Mozart Security Sicherheit Eislingen EVF, Energieversorgung Filstal Energie G\u00f6ppingen Gefeller Auto Uhingen Gr\u00f6ning Landschaftsg\u00e4rtnerei G\u00f6ppingen &#8211; &hellip; <a href=\"https:\/\/www.bartenbeach.de\/?page_id=292\" class=\"more-link\"><span class=\"screen-reader-text\">Unsere Sponsoren<\/span> weiterlesen <span class=\"meta-nav\">&rarr;<\/span><\/a><\/p>\n","protected":false},"author":4,"featured_media":0,"parent":1195,"menu_order":0,"comment_status":"closed","ping_status":"closed","template":"","meta":{"footnotes":""},"class_list":["post-292","page","type-page","status-publish","hentry"],"_links":{"self":[{"href":"https:\/\/www.bartenbeach.de\/index.php?rest_route=\/wp\/v2\/pages\/292","targetHints":{"allow":["GET"]}}],"collection":[{"href":"https:\/\/www.bartenbeach.de\/index.php?rest_route=\/wp\/v2\/pages"}],"about":[{"href":"https:\/\/www.bartenbeach.de\/index.php?rest_route=\/wp\/v2\/types\/page"}],"author":[{"embeddable":true,"href":"https:\/\/www.bartenbeach.de\/index.php?rest_route=\/wp\/v2\/users\/4"}],"replies":[{"embeddable":true,"href":"https:\/\/www.bartenbeach.de\/index.php?rest_route=%2Fwp%2Fv2%2Fcomments&post=292"}],"version-history":[{"count":55,"href":"https:\/\/www.bartenbeach.de\/index.php?rest_route=\/wp\/v2\/pages\/292\/revisions"}],"predecessor-version":[{"id":8598,"href":"https:\/\/www.bartenbeach.de\/index.php?rest_route=\/wp\/v2\/pages\/292\/revisions\/8598"}],"up":[{"embeddable":true,"href":"https:\/\/www.bartenbeach.de\/index.php?rest_route=\/wp\/v2\/pages\/1195"}],"wp:attachment":[{"href":"https:\/\/www.bartenbeach.de\/index.php?rest_route=%2Fwp%2Fv2%2Fmedia&parent=292"}],"curies":[{"name":"wp","href":"https:\/\/api.w.org\/{rel}","templated":true}]}}