{"id":267,"date":"2011-10-22T16:21:55","date_gmt":"2011-10-22T16:21:55","guid":{"rendered":"http:\/\/papa-power-goeppingen.de\/runningwheels\/"},"modified":"2011-11-17T17:54:09","modified_gmt":"2011-11-17T16:54:09","slug":"vereinsgeschichte","status":"publish","type":"page","link":"https:\/\/www.bartenbeach.de\/?page_id=267","title":{"rendered":"Vereinsgeschichte"},"content":{"rendered":"<p><strong><span style=\"text-decoration: underline;\">Vereins-Chronik<\/span><\/strong><\/p>\n<p><strong>\u00a0<\/strong><\/p>\n<p><strong>1897 wurde der Verein von 28 jungen M\u00e4nnern gegr\u00fcndet. Sportlich bet\u00e4tigte man sich auf dem Turnplatz der ein Teil von der heutigen G\u00e4rtnerei Breitenb\u00fccher war. 1911 wurde in Bartenbach ein 2. Turnverein gegr\u00fcndet. Beide verschmolzen sich 1919 zu einem Verein mit dem Namen\u00a0 \u201e Turnverein 1897 Bartenbach\u201c Nach Jahren gedeihlicher Vereinsarbeit l\u00f6sten die Beh\u00f6rden den Verein auf, das ganze Verm\u00f6gen wurde beschlagnahmt bzw. eingezogen. Erst 1946 wurde der Turn- und Sportverein Bartenbach von den alten Mitgliedern aus dem Jahre 1933 wieder ins Leben gerufen. Bei der ersten offiziellen Generalversammlung im Jahre 1948 wurde Gustav St\u00fctz zum 1. Vorstand gew\u00e4hlt. Im Laufe des Jahres erstellte man eine Satzung und beim Amtsgericht wurde der Eintrag ins Vereinsregister beantragt. Der Mitgliedsbeitrag konnte bei -.50DM gehalten werden. Ein Handball kostete im Vergleich schon 13. -DM. In den\u00a0 folgenden Jahren besuchte man flei\u00dfig die umliegend stattgefundenen Turnfeste und Handballturniere. Die Festveranstaltungen des Vereins fanden in der Gastst\u00e4tte \u201eBartenh\u00f6he\u201c statt. Das Jahr 1952 brachte den lang ersehnten Aufstieg der 1. Mannschaft in die Bezirksklasse. Der Sportplatz an der \u201eRose\u201c war zu klein und zu schr\u00e4g um Bezirksligaspiele auszutragen. Gespielt wurde deshalb beim 1.FC Rechberghausen, der den Sportplatz f\u00fcr 10% der Zuschauereinnahmen zur Verf\u00fcgung stellte. 1953 ist die Satzung ge\u00e4ndert und die Gemeinn\u00fctzigkeit eindeutig festgelegt worden. Der neue Sportplatz im \u201eGalgen\u201c heutige Sonnenrain und Promenadenweg ist von den amerikanischen Streitkr\u00e4ften mit schwerem Ger\u00e4t eingeebnet und angelegt worden. 1961 \u00fcbersprang erstmals die Mitgliederzahl die 200 er Grenze. Auf den heutigen Sportplatz an der Lerchenberger Stra\u00dfe wechselte man im Jahr 1971. Die offizielle Einweihung unseres Vereinsheimes fand am 25. Februar 1975 statt und bekam den Beinamen Gastst\u00e4tte TSV Bartenbach, der im Jahr 2002\u00a0 in TSV Gastst\u00e4tte \u201eAm Meerbach\u201c umgewandelt wurde. Eine weitere Abteilung (Tennis) wurde im Jahr 1979 gegr\u00fcndet.<\/strong><\/p>\n<p><strong>Eine neue Art Handball zu spielen entdeckte unsere 1. Mannschaft bei einem Turnier in Italien. Sie waren vom Spielen im Sand so begeistert, dass zu Hause der Antrag zum Bau eines Beachhandball-Feldes gestellt wurde. So z\u00e4hlen die Bartenbacher Handballer zu den Pionieren im Deutschen Beachhandball. Mit dem ersten Beachturnier in Bartenbach 1994 ging es in Deutschland mit dem \u201eSandkastenspiel\u201c steil bergauf.<\/strong><\/p>\n<p><strong>Eine Volleyballabteilung wurde im Jahr 2009 gegr\u00fcndet. Bis zum heutigen Tag sind wir stolz auf \u00fcber 900 Mitglieder, die sich in verschiedenen Abteilungen und Sportgruppen fit halten k\u00f6nnen.<\/strong><\/p>\n<p><a href=\"https:\/\/www.bartenbeach.de\/wp-content\/uploads\/2011\/10\/Cronik.pdf\">Hier die Chronik zum runterladen &#8230;<\/a><\/p>\n","protected":false},"excerpt":{"rendered":"<p>Vereins-Chronik \u00a0 1897 wurde der Verein von 28 jungen M\u00e4nnern gegr\u00fcndet. Sportlich bet\u00e4tigte man sich auf dem Turnplatz der ein Teil von der heutigen G\u00e4rtnerei Breitenb\u00fccher war. 1911 wurde in Bartenbach ein 2. Turnverein gegr\u00fcndet. Beide verschmolzen sich 1919 zu einem Verein mit dem Namen\u00a0 \u201e Turnverein 1897 Bartenbach\u201c Nach Jahren gedeihlicher Vereinsarbeit l\u00f6sten die &hellip; <a href=\"https:\/\/www.bartenbeach.de\/?page_id=267\" class=\"more-link\"><span class=\"screen-reader-text\">Vereinsgeschichte<\/span> weiterlesen <span class=\"meta-nav\">&rarr;<\/span><\/a><\/p>\n","protected":false},"author":4,"featured_media":0,"parent":0,"menu_order":0,"comment_status":"closed","ping_status":"closed","template":"","meta":{"footnotes":""},"class_list":["post-267","page","type-page","status-publish","hentry"],"_links":{"self":[{"href":"https:\/\/www.bartenbeach.de\/index.php?rest_route=\/wp\/v2\/pages\/267","targetHints":{"allow":["GET"]}}],"collection":[{"href":"https:\/\/www.bartenbeach.de\/index.php?rest_route=\/wp\/v2\/pages"}],"about":[{"href":"https:\/\/www.bartenbeach.de\/index.php?rest_route=\/wp\/v2\/types\/page"}],"author":[{"embeddable":true,"href":"https:\/\/www.bartenbeach.de\/index.php?rest_route=\/wp\/v2\/users\/4"}],"replies":[{"embeddable":true,"href":"https:\/\/www.bartenbeach.de\/index.php?rest_route=%2Fwp%2Fv2%2Fcomments&post=267"}],"version-history":[{"count":2,"href":"https:\/\/www.bartenbeach.de\/index.php?rest_route=\/wp\/v2\/pages\/267\/revisions"}],"predecessor-version":[{"id":498,"href":"https:\/\/www.bartenbeach.de\/index.php?rest_route=\/wp\/v2\/pages\/267\/revisions\/498"}],"wp:attachment":[{"href":"https:\/\/www.bartenbeach.de\/index.php?rest_route=%2Fwp%2Fv2%2Fmedia&parent=267"}],"curies":[{"name":"wp","href":"https:\/\/api.w.org\/{rel}","templated":true}]}}